?
4
What is the ten millions digit of 2915057857?
1
What is the millions digit of 1673591958?
3
What is the ten thousands digit of 366220191?
2
What is the millions digit of 245835988?
5
What is the hundreds digit of 1153494094?
0
What is the hundred millions digit of 1098719285?
0
What is the tens digit of 29776761?
6
What is the units digit of 3231129?
9
What is the hundred thousands digit of 555922062?
9
What is the thousands digit of 161566584?
6
What is the hundred thousands digit of 1033787448?
7
What is the hundred millions digit of 371244010?
3
What is the units digit of 15354815?
5
What is the units digit of 29692990?
0
What is the units digit of 5542596750?
0
What is the ten millions digit of 2079619233?
7
What is the hundreds digit of 530183828?
8
What is the hundred millions digit of 734311031?
7
What is the hundred millions digit of 239474098?
2
What is the thousands digit of 136918714?
8
What is the ten millions digit of 2505489296?
0
What is the units digit of 156666404?
4
What is the hundred thousands digit of 144428379?
4
What is the thousands digit of 525499379?
9
What is the hundred millions digit of 807214271?
8
What is the ten thousands digit of 82962717?
6
What is the thousands digit of 71761058?
1
What is the hundred thousands digit of 861655153?
6
What is the millions digit of 2862304458?
2
What is the ten millions digit of 23840784?
2
What is the hundred thousands digit of 737571424?
5
What is the ten thousands digit of 53427109?
2
What is the units digit of 17667979?
9
What is the units digit of 448245717?
7
What is the tens digit of 38000880?
8
What is the hundred millions digit of 147925348?
1
What is the millions digit of 5212240?
5
What is the units digit of 1849254122?
2
What is the ten millions digit of 22785915?
2
What is the hundred thousands digit of 3370687760?
6
What is the thousands digit of 148381198?
1
What is the hundreds digit of 285277810?
8
What is the ten thousands digit of 1260638575?
3
What is the hundreds digit of 140085602?
6
What is the units digit of 619102768?
8
What is the ten millions digit of 1781528049?
8
What is the units digit of 15941870?
0
What is the hundreds digit of 55675746?
7
What is the millions digit of 787497937?
7
What is the hundreds digit of 207873666?
6
What is the tens digit of 45967384?
8
What is the ten thousands digit of 709881764?
8
What is the ten thousands digit of 509758170?
5
What is the ten thousands digit of 384477528?
7
What is the thousands digit of 410464504?
4
What is the ten millions digit of 49641256?
4
What is the hundred thousands digit of 3498399070?
3
What is the ten thousands digit of 9291334795?
3
What is the hundred thousands digit of 1586040778?
0
What is the hundred thousands digit of 7447813298?
8
What is the thousands digit of 7668334?
8
What is the ten millions digit of 114980456?
1
What is the millions digit of 88455071?
8
What is the ten thousands digit of 5684135100?
3
What is the thousands digit of 74701225?
1
What is the thousands digit of 569813703?
3
What is the tens digit of 278953480?
8
What is the tens digit of 68642654?
5
What is the ten millions digit of 106773156?
0
What is the tens digit of 8180595?
9
What is the millions digit of 3058625270?
8
What is the units digit of 133069207?
7
What is the millions digit of 727745711?
7
What is the ten millions digit of 3821451418?
2
What is the millions digit of 1955005609?
5
What is the millions digit of 4146274969?
6
What is the hundred thousands digit of 1465013586?
0
What is the hundred thousands digit of 188643720?
6
What is the thousands digit of 25452997?
2
What is the hundred millions digit of 281068806?
2
What is the ten thousands digit of 572079425?
7
What is the ten thousands digit of 253979605?
7
What is the ten millions digit of 40447618?
4
What is the hundreds digit of 164312290?
2
What is the hundreds digit of 43314171?
1
What is the thousands digit of 48277807?
7
What is the ten millions digit of 651708507?
5
What is the ten thousands digit of 19615467?
1
What is the hundred millions digit of 215563978?
2
What is the hundred thousands digit of 35126455?
1
What is the thousands digit of 28200144?
0
What is the tens digit of 3881819615?
1
What is the tens digit of 1399650259?
5
What is the billions digit of 1518670578?
1
What is the millions digit of 32495297?
2
What is the hundred millions digit of 246036648?
2
What is the tens digit of 421994517?
1
What is the tens digit of 4933079658?
5
What is the millions digit of 71011340?
1
What is the ten millions digit of 10734796?
1
What is the hundred thousands digit of 149915378?
9
What is the hundred thousands digit of 497425599?
4
What is the hundred thousands digit of 578434?
5
What is the thousands digit of 839944133?
4
What is the units digit of 983896254?
4
What is the ten thousands digit of 42958942?
5
What is the hundred millions digit of 1076071715?
0
What is the ten thousands digit of 546041348?
4
What is the tens digit of 46806321?
2
What is the hundred millions digit of 243435142?
2
What is the ten thousands digit of 48911031?
1
What is the thousands digit of 1620616885?
6
What is the millions digit of 47511119?
7
What is the millions digit of 366639669?
6
What is the tens digit of 1599855038?
3
What is the ten millions digit of 46861490?
4
What is the hundred thousands digit of 21497376?
4
What is the millions digit of 794306273?
4
What is the units digit of 232707771?
1
What is the hundred thousands digit of 2293832653?
8
What is the ten millions digit of 4322380069?
2
What is the ten millions digit of 1563547210?
6
What is the millions digit of 377717520?
7
What is the thousands digit of 421839707?
9
What is the units digit of 4607627?
7
What is the hundred thousands digit of 56351885?
3
What is the thousands digit of 1342302072?
2
What is the ten millions digit of 22596214?
2
What is the millions digit of 90407149?
0
What is the hundred thousands digit of 2389724208?
7
What is the hundred thousands digit of 76869545?
8
What is the millions digit of 1092264956?
2
What is the hundred thousands digit of 22556493?
5
What is the hundreds digit of 466809769?
7
What is the hundred thousands digit of 9596669?
5
What is the ten thousands digit of 7036759821?
5
What is the ten millions digit of 295287157?
9
What is the tens digit of 1217609?
0
What is the hundred thousands digit of 290299551?
2
What is the ten thousands digit of 518678088?
7
What is the hundreds digit of 383952618?
6
What is the ten thousands digit of 62137307?
3
What is the ten thousands digit of 390793457?
9
What is the millions digit of 2488359?
2
What is the ten thousands digit of 48328013?
2
What is the ten thousands digit of 65088763?
8
What is the ten millions digit of 2337865384?
3
What is the ten millions digit of 250302013?
5
What is the hundreds digit of 388456548?
5
What is the millions digit of 24877108?
4
What is the hundreds digit of 5612117?
1
What is the hundred thousands digit of 367554602?
5
What is the hundreds digit of 734701185?
1
What is the hundreds digit of 427774098?
0
What is the billions digit of 1343468943?
1
What is the millions digit of 160008977?
0
What is the ten thousands digit of 4059415164?
1
What is the ten thousands digit of 61544317?
4
What is the ten thousands digit of 18710774?
1
What is the billions digit of 3426808240?
3
What is the ten millions digit of 257175145?
5
What is the billions digit of 2524053098?
2
What is the ten millions digit of 90391464?
9
What is the ten millions digit of 1405734676?
0
What is the tens digit of 341631417?
1
What is the tens digit of 506318257?
5
What is the ten millions digit of 13888149?
1
What is the hundred thousands digit of 19229415?
2
What is the ten millions digit of 2309053146?
0
What is the millions digit of 14205908?
4
What is the ten thousands digit of 2533666022?
6
What is the thousands digit of 48164845?
4
What is the tens digit of 30615697?
9
What is the hundred thousands digit of 225455783?
4
What is the hundreds digit of 36767765?
7
What is the hundred millions digit of 192393972?
1
What is the thousands digit of 688268294?
8
What is the tens digit of 11776897?
9
What is the hundred thousands digit of 716319046?
3
What is the thousands digit of 692909866?
9
What 